*l - 7. Calculate j(6).
-25
Let q(p) = -p**3 + 17*p**2 - 14*p - 22. Determine q(16).
10
Let x(v) = v**3 - 10*v**2 - 25*v + 16. What is x(12)?
4
Let l(k) = -36*k + 1. Determine l(-1).
37
Let f(g) = -3*g**2 + 32*g + 1. Determine f(11).
-10
Let w(k) = 11*k + 64. Calculate w(-6).
-2
Let l(q) = q**3 + 6*q**2 - 20*q - 6. What is l(-8)?
26
Let b(z) = -7*z**2 - z - 6. Calculate b(-5).
-176
Let w(k) = -k + 1. Determine w(-11).
12
Let b(k) = -13*k + 236. Give b(18).
2
Let h(n) = n**2 + 5*n - 15. Calculate h(-7).
-1
Let v(d) = -8*d - 13. Calculate v(0).
-13
Let m(v) = v**2 - 3*v + 1. Give m(-3).
19
Let a(m) = -m**2 - 4*m. What is a(0)?
0
Let u(g) = -4*g**2 - g - 8. Give u(-3).
-41
Let r(n) = 4*n + 82. Calculate r(-24).
-14
Let o(g) = -g**2 - 9*g - 7. Give o(-3).
11
Let s(r) = -6*r - 30. Give s(-5).
0
Let f(y) = -4*y - 4. Calculate f(2).
-12
Let f(g) = 12*g**2 + g + 1. Calculate f(2).
51
Let s(w) = w**2 - w + 3. Give s(2).
5
Let t(p) = p**2 + 4*p - 17. Give t(-6).
-5
Let c(n) = -7*n - 103. What is c(-9)?
-40
Let u(z) = -4*z + 51. Determine u(8).
19
Let o(b) = b**2 + 49*b - 268. What is o(5)?
2
Let v(a) = 2*a**2 + 19*a + 42. Determine v(-6).
0
Let u(f) = -f**3 + f - 34. Give u(0).
-34
Let d(n) = 12*n - 1. Determine d(-1).
-13
Let h(g) = g**2 - 10*g + 15. Determine h(11).
26
Let w(z) = -z**3 + 6*z**2 + 16*z - 2. Determine w(8).
-2
Let g(i) = -6*i + 1. Determine g(1).
-5
Let s(q) = 11*q**2 + 4*q - 3. Calculate s(2).
49
Let d(w) = 2*w**3 + 47*w**2 - 73*w + 53. Determine d(-25).
3
Let c(f) = 14*f - 1. Give c(3).
41
Let k(n) = -2*n**3 + 8*n**2 + 7*n - 7. Determine k(4).
21
Let k(s) = -s**3 + 5*s**2 - s + 5. Calculate k(5).
0
Let l(q) = -q**2 + 39*q - 44. Give l(38).
-6
Let d(v) = -2*v**3 - 39*v**2 - 16*v - 18. What is d(-19)?
-75
Let m(j) = -47*j - 1030. What is m(-22)?
4
Let i(w) = -w + 10. What is i(-11)?
21
Let y(h) = -4*h**2 + 10*h + 11. Calculate y(5).
-39
Let q(c) = -8*c - 56. Calculate q(-4).
-24
Let d(z) = 4*z**3 + 4*z**2 + 4*z + 1. What is d(-2)?
-23
Let z(v) = 3*v**2 - 3*v - 5. Determine z(4).
31
Let p(n) = -n**2 - 13*n - 4. What is p(-12)?
8
Let d(a) = -22*a + 1. Calculate d(1).
-21
Let g(b) = b**2 + 6*b - 5. What is g(3)?
22
Let r(x) = -x**3 + 2*x**2 - x + 4. What is r(3)?
-8
Let l(t) = -6*t**2 - 3*t - 7. Calculate l(3).
-70
Let d(f) = -f**3 - 4*f**2 - 18*f - 73. Calculate d(-4).
-1
Let i(r) = -r**2 - 2*r + 8. What is i(-9)?
-55
Let h(b) = -b**2 - 12*b + 16. Calculate h(-15).
-29
Let w(z) = z**3 - 16*z**2 + 29*z - 10. What is w(14)?
4
Let r(m) = 7*m - 5. What is r(-5)?
-40
Let j(t) = -49*t + 1. Calculate j(-1).
50
Let v(z) = z**2 + 3*z - 25. Give v(6).
29
Let a(p) = 2*p**3 + 2*p**2 - 2*p - 1. What is a(-2)?
-5
Let g(y) = -y**2 + 6*y + 15. Determine g(7).
8
Let f(h) = -17*h + 211. Determine f(13).
-10
Let f(j) = -j**2 - 5*j. Calculate f(-4).
4
Let o(g) = g**2 + 4*g + 1. Determine o(3).
22
Let r(d) = -15*d + 55. Give r(4).
-5
Let c(q) = 5*q + 4. Give c(-2).
-6
Let w(c) = c**3 - 12*c**2 + 2*c + 2. What is w(12)?
26
Let l(g) = g**3 + 26*g**2 - 86*g + 35. Calculate l(-29).
6
Let j(o) = o**2 + 10*o - 6. Calculate j(-11).
5
Let x(d) = 2*d - 27. Calculate x(14).
1
Let r(q) = -4*q - 6. Give r(-4).
10
Let c(y) = 14*y. Determine c(1).
14
Let x(r) = -2*r - 1. Calculate x(9).
-19
Let w(q) = 5*q - 2. Calculate w(1).
3
Let g(u) = u**3 + 10*u**2 - 2*u + 12. What is g(-10)?
32
Let r(q) = -q**2 - 7*q. What is r(-7)?
0
Let m(o) = -11*o**2 - 187*o + 7. Calculate m(-17).
7
Let k(u) = 3*u**2 - 6*u + 4. What is k(3)?
13
Let r(w) = -w**2 - 20*w - 3. Calculate r(-16).
61
Let k(g) = g**3 + 24*g**2 + g + 41. Calculate k(-24).
17
Let o(k) = k**3 + 7*k**2 - 4*k - 9. What is o(-6)?
51
Let q(w) = w**3 + w**2 - 11. Give q(0).
-11
Let i(c) = 20*c - 144. Give i(7).
-4
Let a(x) = -x**3 + 5*x**2 - 6*x + 13. Calculate a(4).
5
Let c(j) = 29*j - 157. Calculate c(5).
-12
Let i(o) = -o**3 + 10*o**2 - 11*o - 2. Determine i(9).
-20
Let q(k) = 3*k**2. Calculate q(-1).
3
Let l(y) = y**3 + 4*y**2 - 5*y + 9. Determine l(-6).
-33
Let s(l) = 2*l**3 - 3*l**2 + 4*l - 2. Give s(3).
37
Let v(p) = -5*p + 17. Determine v(5).
-8
Let w(n) = n**3 + 7*n**2 - 28*n + 13. What is w(-10)?
-7
Let j(v) = -2*v**2 - v. Give j(-3).
-15
Let z(o) = -o**3 - 8*o**2 + 2*o + 12. Determine z(-8).
-4
Let o(d) = -7*d + 46. Calculate o(8).
-10
Let d(f) = -f**3 - 24*f**2 - 2*f - 42. Give d(-24).
6
Let r(b) = 5*b**2 - b + 3. Calculate r(-2).
25
Let v(m) = -m**2 - m + 94. What is v(-10)?
4
Let a(x) = x**3 - 5*x**2 + 8*x + 9. Determine a(6).
93
Let i(k) = -k**3 + 19*k**2 - 19*k + 20. Give i(18).
2
Let l(j) = j**2 - j. What is l(1)?
0
Let p(c) = -3*c + 21. What is p(20)?
-39
Let k(l) = 6*l + 30. What is k(-6)?
-6
Let t(q) = -q**2 + 5*q - 10. Determine t(4).
-6
Let m(k) = 2*k + 13. What is m(-9)?
-5
Let i(j) = j - 8. Determine i(3).
-5
Let j(b) = -3*b + 32. Give j(0).
32
Let u(d) = 355*d + 1071. Calculate u(-3).
6
Let z(w) = -w**3 - w**2 + w + 1. Give z(-1).
0
Let a(n) = -n**2 - 31*n - 60. Determine a(-28).
24
Let k(n) = -n**3 - 8*n**2 + 18*n - 31. What is k(-10)?
-11
Let h(u) = -16*u + 699. What is h(44)?
-5
Let v(h) = -10*h - 22. Give v(-4).
18
Let m(t) = -2*t**2 + 37*t + 18. Determine m(19).
-1
Let v(u) = -5*u - 22. Give v(-5).
3
Let u(z) = 2*z + 23. Determine u(-10).
3
Let h(z) = z + 12. What is h(-19)?
-7
Let x(i) = -i**3 - 11*i**2 - 19*i - 9. Calculate x(-9).
0
Let u(x) = 7*x - 4. Give u(3).
17
Let f(n) = -n**3 - 15*n**2 + 21*n + 65. Determine f(-16).
-15
Let c(i) = 7*i**2 - 2*i - 7. Determine c(3).
50
Let b(q) = -2*q**2 - 50*q - 48. Calculate b(-24).
0
Let z(i) = -i**3 + 3*i**2 - 6*i. Determine z(4).
-40
Let g(o) = o**3 + 13*o**2 - 15*o - 3. Calculate g(-14).
11
Let y(u) = -u**3 - u**2 + 23*u + 11. Determine y(-5).
-4
Let a(c) = -68*c**2 - 3*c + 2. Determine a(1).
-69
Let j(s) = -s**3 - 4*s**2 + 2*s + 3. Determine j(-4).
-5
Let l(a) = 2*a**3 + 4*a**2 + 8*a + 26. What is l(-4)?
-70
Let h(a) = 2*a**2 - 7*a - 6. Give h(4).
-2
Let j(a) = -26*a + 100. What is j(5)?
-30
Let d(m) = m**3 - 20*m**2 + 16*m + 36. Determine d(19).
-21
Let x(s) = -2*s**2 - 4*s + 5. Calculate x(4).
-43
Let a(y) = y**3 - 9*y**2 + 9*y - 12. Calculate a(8).
-4
Let y(u) = -10*u**2 + 6. What is y(-2)?
-34
Let d(y) = y**2 + 5*y + 8. Determine d(-4).
4
Let i(o) = -42*o**2 - 4*o - 3. Determine i(-1).
-41
Let b(x) = -x + 28. Determine b(20).
8
Let w(m) = -m**3 + 4*m**2 - m + 2. Calculate w(4).
-2
Let f(q) = -q**2 + 15*q - 42. Give f(3).
-6
Let f(z) = -12*z + 33. Calculate f(-4).
81
Let g(w) = 5*w**2 + 3*w - 1. What is g(3)?
53
Let g(t) = -2*t + 2. Determine g(5).
-8
Let k(a) = -9*a - 225. Determine k(-24).
-9
Let l(w) = w - 6. Give l(-6).
-12
Let k(n) = n**2 + 2*n + 3. Give k(5).
38
Let r(o) = 4*o - 1. What is r(14)?
55
Let z(r) = -r**3 - 63*r**2 - 119*r + 185. Give z(-61).
2
Let j(s) = s**3 + 8*s**2 - 10*s + 4. Determine j(-9).
13
Let f(j) = -j**2 - 4*j + 2. Determine f(-3).
5
Let y(n) = 15*n - 117. Calculate y(6).
-27
Let j(z) = -z**2 - 7*z - 7. What is j(-3)?
5
Let q(o) = -o**2 - 4*o + 5. Give q(3).
-16
Let s(z) = 5*z - 3. Give s(-2).
-13
Let v(k) = -15*k**3 - k**2 + 16*k + 16. Calculate v(-1).
14
Let o(w) = 14*w**2 + 4*w + 6. Calculate o(-1).
16
Let j(c) = -2*c - 8. Determine j(-8).
8
Let v(g) = 3*g**3 + 3*g**2 - 3*g + 3. Give v(-4).
-129
Let o(q) = -q**2 - 4*q + 19. Calculate o(-6).
7
Let j(d) = -4*d + 2. What is j(-8)?
34
Let n(h) = -h**3 + 5*h**2 - 9. Give n(2).
3
Let r(m) = 121*m + 1094. Determine r(-9).
5
Let x(m) = -16*m - 7. Determine x(0).
-7
Let k(f) = -f**3 + 9*f**2 - 4*f + 7. Determine k(6).
91
Let h(d) = -22*d - 12. Determine h(-3).
54
Let w(i) = 5*i**3 + 7*i + 11. Determine w(-3).
-145
Let f(z) = -16*z - 129. What is f(-8)?
-1
Let b(w) = 3*w - 13. Determine b(-11).
-46
Let q(u) = -8*u + 40. What is q(5)?
0
Let b(r) = r**2 - 2*r - 2. Determine b(5).
13
Let c(f) = 15*f + 247. Give c(-17).
-8
Let i(p) = -p**3 - 13*p**2 - 12*p - 15. Determine i(-12).
-15
Let n(h) = 5*h + 3. Determine n(-3).
-12
Let r(v) = -v**3 - 5*v**2 - 2*v - 7. What is r(-5)?
3
Let o(v) = v**3 + 5*v**2 + 6*v - 1. Calculate o(-3).
-1
Let n(s) = 3*s + 6. Calculate n(-4).
-6
Let o(s) = s**2 - 11*s + 12. What is o(10)?
2
Let l(j) = -99*j + 4. Determine l(1).
-95
Let v(a) = a**3 + 6*a**2 + 2*a + 1. What is v(-5)?
16
Let n(b) = 18*b**2 + 2*b + 4. Give n(-2).
72
Let c(l) = -l**2 + 6*